{"id":15395,"date":"2021-01-12T19:08:27","date_gmt":"2021-01-12T19:08:27","guid":{"rendered":"https:\/\/hamo-seme.com\/?page_id=15395"},"modified":"2022-04-07T09:24:46","modified_gmt":"2022-04-07T09:24:46","slug":"aile-buyuklerimiz","status":"publish","type":"page","link":"https:\/\/hamo-seme.com\/?page_id=15395","title":{"rendered":"Aile B\u00fcy\u00fcklerimiz"},"content":{"rendered":"<div class=\"wpb-content-wrapper\"><p>[vc_row][vc_column width=&#8221;1\/4&#8243;][vc_column_text]<\/p>\n<p style=\"text-align: center;\"><a href=\"https:\/\/hamo-seme.com\/?page_id=15897\" rel=\"noopener\"><strong>Hamo<\/strong><\/a><\/p>\n<p>[\/vc_column_text][vc_column_text]<\/p>\n<p style=\"text-align: center;\"><strong><a href=\"https:\/\/hamo-seme.com\/?page_id=15901\" rel=\"noopener\">\u015eem\u00e9<\/a><\/strong><\/p>\n<p>[\/vc_column_text][vc_column_text]<\/p>\n<p style=\"text-align: center;\"><span style=\"font-weight: 400;\">Ap Haydo<\/span><\/p>\n<p>[\/vc_column_text][vc_column_text]<\/p>\n<p style=\"text-align: center;\"><strong><a href=\"https:\/\/hamo-seme.com\/?page_id=15972\" rel=\"noopener\">Ap Seyd<\/a><\/strong><\/p>\n<p>[\/vc_column_text][vc_column_text]<\/p>\n<p style=\"text-align: center;\"><span style=\"font-weight: 400;\">Ap Hasan<\/span><\/p>\n<p>[\/vc_column_text][vc_column_text]<\/p>\n<p style=\"text-align: center;\"><span style=\"font-weight: 400;\">Ap Mahmut<\/span><\/p>\n<p>[\/vc_column_text][vc_column_text]<\/p>\n<p style=\"text-align: center;\"><strong><a href=\"https:\/\/hamo-seme.com\/?page_id=15909\" rel=\"noopener\">Fat\u00e9 Ana<\/a><\/strong><\/p>\n<p>[\/vc_column_text][vc_column_text]<\/p>\n<p style=\"text-align: center;\"><span style=\"font-weight: 400;\">Ap Ali Heydo<\/span><\/p>\n<p>[\/vc_column_text][vc_column_text]<\/p>\n<p style=\"text-align: center;\"><strong><a href=\"https:\/\/hamo-seme.com\/?page_id=15913\" rel=\"noopener\">Ap Aziz<\/a><\/strong><\/p>\n<p>[\/vc_column_text][vc_column_text]<\/p>\n<p style=\"text-align: center;\"><strong><a href=\"https:\/\/hamo-seme.com\/?page_id=15914\" rel=\"noopener\">Ap Mehmet Ali<\/a><\/strong><\/p>\n<p>[\/vc_column_text][vc_column_text]<\/p>\n<p style=\"text-align: center;\"><strong><a href=\"https:\/\/hamo-seme.com\/?page_id=15921\" rel=\"noopener\">Ap Davut Ali<\/a><\/strong><\/p>\n<p>[\/vc_column_text][\/vc_column][vc_column width=&#8221;1\/4&#8243;][vc_column_text]<\/p>\n<p style=\"text-align: center;\"><strong><a href=\"https:\/\/hamo-seme.com\/?page_id=15922\" rel=\"noopener\">Ap \u0130brahim<\/a><\/strong><\/p>\n<p>[\/vc_column_text][vc_column_text]<\/p>\n<p style=\"text-align: center;\"><span style=\"font-weight: 400;\">Ap Mustafa<\/span><\/p>\n<p>[\/vc_column_text][vc_column_text]<\/p>\n<p style=\"text-align: center;\"><span style=\"font-weight: 400;\">Ap R\u0131za<\/span><\/p>\n<p>[\/vc_column_text][vc_column_text]<\/p>\n<p style=\"text-align: center;\"><span style=\"font-weight: 400;\">Ap \u015e\u00fckr\u00fc<\/span><\/p>\n<p>[\/vc_column_text][vc_column_text]<\/p>\n<p style=\"text-align: center;\"><span style=\"font-weight: 400;\">Ap Mehmet<\/span><\/p>\n<p>[\/vc_column_text][vc_column_text]<\/p>\n<p style=\"text-align: center;\"><span style=\"font-weight: 400;\">Ap Ali<\/span><\/p>\n<p>[\/vc_column_text][vc_column_text]<\/p>\n<p style=\"text-align: center;\"><strong><a href=\"https:\/\/hamo-seme.com\/?page_id=15982\" rel=\"noopener\">Seydi \u00d6zcan<\/a><\/strong><\/p>\n<p>[\/vc_column_text][vc_column_text]<\/p>\n<p style=\"text-align: center;\"><a href=\"https:\/\/hamo-seme.com\/?page_id=16260\"><strong>Mehmet Ali \u00d6zcan (Ap Memo)<\/strong><\/a><\/p>\n<p>[\/vc_column_text][vc_column_text]<\/p>\n<p style=\"text-align: center;\"><span style=\"font-weight: 400;\">Abdullah \u00d6zcan<\/span><\/p>\n<p>[\/vc_column_text][vc_column_text]<\/p>\n<p style=\"text-align: center;\"><span style=\"font-weight: 400;\">Fadime \u00d6zcan<\/span><\/p>\n<p>[\/vc_column_text][vc_column_text]<\/p>\n<p style=\"text-align: center;\"><span style=\"font-weight: 400;\">\u015e\u00fckr\u00fc \u00d6zcan (Ap Mehmet o\u011flu)\u00a0<\/span><\/p>\n<p>[\/vc_column_text][\/vc_column][vc_column width=&#8221;1\/4&#8243;][vc_column_text]<\/p>\n<p style=\"text-align: center;\">Abdullah \u00d6zcan (Ap Mehmet o\u011flu)<\/p>\n<p>[\/vc_column_text][vc_column_text]<\/p>\n<p style=\"text-align: center;\"><span style=\"font-weight: 400;\">Mehmet Ali \u00d6zcan (Ap \u015e\u00fckr\u00fc o\u011flu)<\/span><\/p>\n<p>[\/vc_column_text][vc_column_text]<\/p>\n<p style=\"text-align: center;\"><span style=\"font-weight: 400;\">\u015eeyho \u00d6zcan<\/span><\/p>\n<p>[\/vc_column_text][vc_column_text]<\/p>\n<p style=\"text-align: center;\"><strong><a href=\"https:\/\/hamo-seme.com\/?page_id=16806\">Haydar Bulut<\/a><\/strong><\/p>\n<p>[\/vc_column_text][vc_column_text]<\/p>\n<p style=\"text-align: center;\"><strong><a href=\"https:\/\/hamo-seme.com\/?page_id=16270\">Mahmut Bulut<\/a><\/strong><\/p>\n<p>[\/vc_column_text][vc_column_text]<\/p>\n<p style=\"text-align: center;\"><span style=\"font-weight: 400;\">Temir Bulut<\/span><\/p>\n<p>[\/vc_column_text][vc_column_text]<\/p>\n<p style=\"text-align: center;\"><span style=\"font-weight: 400;\">H\u00fcseyin Aslan<\/span><\/p>\n<p>[\/vc_column_text][vc_column_text]<\/p>\n<p style=\"text-align: center;\"><span style=\"font-weight: 400;\">Mustafa Aslan<\/span><\/p>\n<p>[\/vc_column_text][vc_column_text]<\/p>\n<p style=\"text-align: center;\"><span style=\"font-weight: 400;\">S\u00fcleyman Aslan<\/span><\/p>\n<p>[\/vc_column_text][vc_column_text]<\/p>\n<p style=\"text-align: center;\"><span style=\"font-weight: 400;\">Ali \u00d6zcan<\/span><\/p>\n<p>[\/vc_column_text][vc_column_text]<\/p>\n<p style=\"text-align: center;\"><span style=\"font-weight: 400;\">Z\u00f6hre \u00d6zcan<\/span><\/p>\n<p>[\/vc_column_text][\/vc_column][vc_column width=&#8221;1\/4&#8243;][vc_column_text]<\/p>\n<p style=\"text-align: center;\"><span style=\"font-weight: 400;\">Mehmet Ali \u00d6zcan (Ap \u0130brahim o\u011flu)<\/span><\/p>\n<p>[\/vc_column_text][vc_column_text]<\/p>\n<p style=\"text-align: center;\"><span style=\"font-weight: 400;\">Goz\u00e9 (G\u00fczel) Bayrak \u00d6zcan<\/span><\/p>\n<p>[\/vc_column_text][vc_column_text]<\/p>\n<p style=\"text-align: center;\"><span style=\"font-weight: 400;\">G\u00fclistan Demir \u00d6zcan<\/span><\/p>\n<p>[\/vc_column_text][vc_column_text]<\/p>\n<p style=\"text-align: center;\"><span style=\"font-weight: 400;\">Zeynep Bayrak \u00d6zcan<\/span><\/p>\n<p>[\/vc_column_text][vc_column_text]<\/p>\n<p style=\"text-align: center;\"><span style=\"font-weight: 400;\">Fat\u00e9 Bayrak \u00d6zcan<\/span><\/p>\n<p>[\/vc_column_text][vc_column_text]<\/p>\n<p style=\"text-align: center;\"><span style=\"font-weight: 400;\">Emine Demir \u00d6zcan<\/span><\/p>\n<p>[\/vc_column_text][vc_column_text]<\/p>\n<p style=\"text-align: center;\"><span style=\"font-weight: 400;\">Xan\u00e9 (Han\u0131m) \u00d6zcan<\/span><\/p>\n<p>[\/vc_column_text][vc_column_text]<\/p>\n<p style=\"text-align: center;\"><span style=\"font-weight: 400;\">Ruk\u00e9 (Rukiye) Bayrak Aslan<\/span><\/p>\n<p>[\/vc_column_text][vc_column_text]<\/p>\n<p style=\"text-align: center;\"><a href=\"https:\/\/hamo-seme.com\/?page_id=16805\"><strong>Z\u00f6hre Demir Bulut<\/strong><\/a><\/p>\n<p>[\/vc_column_text][vc_column_text]<\/p>\n<p style=\"text-align: center;\">Esma Bulut<\/p>\n<p>[\/vc_column_text][\/vc_column][\/vc_row]<\/p>\n<\/div>","protected":false},"excerpt":{"rendered":"<p>[vc_row][vc_column width=&#8221;1\/4&#8243;][vc_column_text] Hamo [\/vc_column_text][vc_column_text] \u015eem\u00e9 [\/vc_column_text][vc_column_text] Ap Haydo [\/vc_column_text][vc_column_text] Ap Seyd [\/vc_column_text][vc_column_text] Ap Hasan [\/vc_column_text][vc_column_text] Ap Mahmut [\/vc_column_text][vc_column_text] Fat\u00e9 Ana [\/vc_column_text][vc_column_text] Ap Ali Heydo [\/vc_column_text][vc_column_text] Ap Aziz [\/vc_column_text][vc_column_text] Ap Mehmet Ali [\/vc_column_text][vc_column_text] Ap Davut Ali [\/vc_column_text][\/vc_column][vc_column width=&#8221;1\/4&#8243;][vc_column_text] Ap \u0130brahim [\/vc_column_text][vc_column_text] Ap Mustafa [\/vc_column_text][vc_column_text] Ap R\u0131za [\/vc_column_text][vc_column_text] Ap \u015e\u00fckr\u00fc [\/vc_column_text][vc_column_text] Ap Mehmet [\/vc_column_text][vc_column_text] Ap Ali [\/vc_column_text][vc_column_text]&hellip;<\/p>\n","protected":false},"author":1,"featured_media":0,"parent":0,"menu_order":0,"comment_status":"closed","ping_status":"closed","template":"","meta":{"footnotes":""},"class_list":["post-15395","page","type-page","status-publish","hentry","description-off"],"yoast_head":"<!-- This site is optimized with the Yoast SEO plugin v15.5 - https:\/\/yoast.com\/wordpress\/plugins\/seo\/ -->\n<title>Aile B\u00fcy\u00fcklerimiz - hamo-seme<\/title>\n<meta name=\"robots\" content=\"index, follow, max-snippet:-1, max-image-preview:large, max-video-preview:-1\" \/>\n<link rel=\"canonical\" href=\"https:\/\/hamo-seme.com\/?page_id=15395\" \/>\n<meta property=\"og:locale\" content=\"tr_TR\" \/>\n<meta property=\"og:type\" content=\"article\" \/>\n<meta property=\"og:title\" content=\"Aile B\u00fcy\u00fcklerimiz - hamo-seme\" \/>\n<meta property=\"og:description\" content=\"[vc_row][vc_column width=&#8221;1\/4&#8243;][vc_column_text] Hamo [\/vc_column_text][vc_column_text] \u015eem\u00e9 [\/vc_column_text][vc_column_text] Ap Haydo [\/vc_column_text][vc_column_text] Ap Seyd [\/vc_column_text][vc_column_text] Ap Hasan [\/vc_column_text][vc_column_text] Ap Mahmut [\/vc_column_text][vc_column_text] Fat\u00e9 Ana [\/vc_column_text][vc_column_text] Ap Ali Heydo [\/vc_column_text][vc_column_text] Ap Aziz [\/vc_column_text][vc_column_text] Ap Mehmet Ali [\/vc_column_text][vc_column_text] Ap Davut Ali [\/vc_column_text][\/vc_column][vc_column width=&#8221;1\/4&#8243;][vc_column_text] Ap \u0130brahim [\/vc_column_text][vc_column_text] Ap Mustafa [\/vc_column_text][vc_column_text] Ap R\u0131za [\/vc_column_text][vc_column_text] Ap \u015e\u00fckr\u00fc [\/vc_column_text][vc_column_text] Ap Mehmet [\/vc_column_text][vc_column_text] Ap Ali [\/vc_column_text][vc_column_text]&hellip;\" \/>\n<meta property=\"og:url\" content=\"https:\/\/hamo-seme.com\/?page_id=15395\" \/>\n<meta property=\"og:site_name\" content=\"hamo-seme\" \/>\n<meta property=\"article:modified_time\" content=\"2022-04-07T09:24:46+00:00\" \/>\n<meta name=\"twitter:card\" content=\"summary_large_image\" \/>\n<meta name=\"twitter:label1\" content=\"Tahmini okuma s\u00fcresi\">\n\t<meta name=\"twitter:data1\" content=\"2 dakika\">\n<script type=\"application\/ld+json\" class=\"yoast-schema-graph\">{\"@context\":\"https:\/\/schema.org\",\"@graph\":[{\"@type\":\"WebSite\",\"@id\":\"https:\/\/hamo-seme.com\/#website\",\"url\":\"https:\/\/hamo-seme.com\/\",\"name\":\"hamo-seme\",\"description\":\"G\\u00eeniyan a\\u015firet mensubu : Dersim\\u2019den Sivas\\u2019a oradan Kayseri-Sar\\u0131z-S\\u00f6ve\\u00e7men\\u2019e g\\u00f6\\u00e7 etmi\\u015f, oradan t\\u00fcm d\\u00fcnyaya da\\u011f\\u0131lm\\u0131\\u015f bir aile.\",\"potentialAction\":[{\"@type\":\"SearchAction\",\"target\":\"https:\/\/hamo-seme.com\/?s={search_term_string}\",\"query-input\":\"required name=search_term_string\"}],\"inLanguage\":\"tr\"},{\"@type\":\"WebPage\",\"@id\":\"https:\/\/hamo-seme.com\/?page_id=15395#webpage\",\"url\":\"https:\/\/hamo-seme.com\/?page_id=15395\",\"name\":\"Aile B\\u00fcy\\u00fcklerimiz - hamo-seme\",\"isPartOf\":{\"@id\":\"https:\/\/hamo-seme.com\/#website\"},\"datePublished\":\"2021-01-12T19:08:27+00:00\",\"dateModified\":\"2022-04-07T09:24:46+00:00\",\"inLanguage\":\"tr\",\"potentialAction\":[{\"@type\":\"ReadAction\",\"target\":[\"https:\/\/hamo-seme.com\/?page_id=15395\"]}]}]}<\/script>\n<!-- \/ Yoast SEO plugin. -->","_links":{"self":[{"href":"https:\/\/hamo-seme.com\/index.php?rest_route=\/wp\/v2\/pages\/15395","targetHints":{"allow":["GET"]}}],"collection":[{"href":"https:\/\/hamo-seme.com\/index.php?rest_route=\/wp\/v2\/pages"}],"about":[{"href":"https:\/\/hamo-seme.com\/index.php?rest_route=\/wp\/v2\/types\/page"}],"author":[{"embeddable":true,"href":"https:\/\/hamo-seme.com\/index.php?rest_route=\/wp\/v2\/users\/1"}],"replies":[{"embeddable":true,"href":"https:\/\/hamo-seme.com\/index.php?rest_route=%2Fwp%2Fv2%2Fcomments&post=15395"}],"version-history":[{"count":69,"href":"https:\/\/hamo-seme.com\/index.php?rest_route=\/wp\/v2\/pages\/15395\/revisions"}],"predecessor-version":[{"id":16889,"href":"https:\/\/hamo-seme.com\/index.php?rest_route=\/wp\/v2\/pages\/15395\/revisions\/16889"}],"wp:attachment":[{"href":"https:\/\/hamo-seme.com\/index.php?rest_route=%2Fwp%2Fv2%2Fmedia&parent=15395"}],"curies":[{"name":"wp","href":"https:\/\/api.w.org\/{rel}","templated":true}]}}