{"id":834,"date":"2014-03-18T09:49:29","date_gmt":"2014-03-18T09:49:29","guid":{"rendered":"http:\/\/the7.dream-demo.com\/business\/?page_id=2"},"modified":"2022-08-23T09:12:29","modified_gmt":"2022-08-23T09:12:29","slug":"homepages","status":"publish","type":"page","link":"https:\/\/hamo-seme.com\/","title":{"rendered":"Anasayfa"},"content":{"rendered":"<div class=\"wpb-content-wrapper\"><p>[vc_row equal_height=&#8221;yes&#8221; content_placement=&#8221;top&#8221; bg_type=&#8221;bg_color&#8221; bg_override=&#8221;full&#8221; bg_color_value=&#8221;#22e2dc&#8221;][vc_column css=&#8221;.vc_custom_1611486155497{background-color: #22e2dc !important;}&#8221; offset=&#8221;vc_col-lg-12&#8243;][vc_column_text]<\/p>\n<h4 style=\"text-align: center;\">Hamo ve \u015eem\u00e9&#8217;nin \u00e7ocuklar\u0131n\u0131n sitesidir. <strong>Gin<\/strong><strong>\u00ee <\/strong><strong>a\u015firet mensubu ; Dersim\u2019den, Sivas Karabel b\u00f6lgesine, oradan Kayseri Sar\u0131z S\u00f6be\u00e7imen&#8217;e, oradan Kayseri P\u0131narba\u015f\u0131 Y. Borandere &#8211; K\u00fct\u00fckl\u00fc&#8217;ye, oradan da t\u00fcm d\u00fcnyaya da\u011f\u0131lm\u0131\u015flard\u0131r.<\/strong><\/h4>\n<h4 style=\"text-align: center;\"><strong>Aile mensuplar\u0131m\u0131z \u00d6zcan, Aslan, Bulut soyadlar\u0131n\u0131 kullanmaktad\u0131r.<\/strong><\/h4>\n<p>[\/vc_column_text][\/vc_column][\/vc_row][vc_row equal_height=&#8221;yes&#8221;][vc_column css=&#8221;.vc_custom_1612043218101{background-position: 0 0 !important;background-repeat: no-repeat !important;}&#8221; offset=&#8221;vc_col-lg-12&#8243;][vc_raw_html]JTVCbWV0YXNsaWRlciUyMGlkJTNEJTIyMTY5MjElMjIlNUQ=[\/vc_raw_html][vc_media_grid element_width=&#8221;6&#8243; grid_id=&#8221;vc_gid:1661246089696-3d85d9622806ed4e815425e356bef6a3-10&#8243; include=&#8221;15809,15708&#8243;][\/vc_column][\/vc_row][vc_row][vc_column][vc_column_text]&#8221;Aile, Sivas \u0130li, Zara \u0130l\u00e7esi\u2019nin de (eski ad\u0131 Ko\u00e7giri) i\u00e7inde bulundu\u011fu Karabel y\u00f6resinde, Gini a\u015fireti mensuplar\u0131n\u0131n bulundu\u011fu Mel\u00fcl\u00f6ren (\u015fimdiki ad\u0131 \u00d6renta\u015f) k\u00f6y\u00fcnde tahmini 1870\u2019lere kadar ya\u015fam\u0131\u015ft\u0131r. Zara, Kangal, Divri\u011fi ve Ula\u015f \u0130l\u00e7elerinin belli k\u0131s\u0131mlar\u0131n\u0131 kapsayan Karabel y\u00f6resinde Zazaca (D\u0131m\u0131lice) konu\u015fan Gini ve \u00c7areki a\u015firetleri mensuplar\u0131n\u0131n ya\u015fad\u0131\u011f\u0131 20\u2018den fazla k\u00f6y bulunmaktad\u0131r. \u00d6renta\u015f k\u00f6y\u00fc g\u00fcn\u00fcm\u00fczde neredeyse tamamen bo\u015fald\u0131\u011f\u0131 i\u00e7in Kangal \u0130l\u00e7esi Elalibey k\u00f6y\u00fcne ba\u011flanm\u0131\u015ft\u0131r.<\/p>\n<p>Ailenin bilinen en eski bireyi \u015eah \u0130smail\u2019dir. \u015eah \u0130smail yakla\u015f\u0131k olarak k\u0131rk ya\u015flar\u0131nda Hakk\u2019a y\u00fcr\u00fcr. \u015eah \u0130smail\u2019in o\u011flu Bal da takriben babas\u0131n\u0131n Hakk\u2019a y\u00fcr\u00fcd\u00fc\u011f\u00fc ya\u015flarda salg\u0131n bir hastal\u0131\u011fa yakalan\u0131r ve \u00f6l\u00fcm d\u00f6\u015fe\u011finde iken o\u011flu Hamo\u2019ya kimseye temas etmemesini, yiyece\u011fini alarak hastal\u0131k bitene kadar da\u011fdaki bir ma\u011farada ya\u015famas\u0131n\u0131 \u00f6\u011f\u00fctler.<\/p>\n<p>Osmanl\u0131 kay\u0131tlar\u0131na g\u00f6re Sivas y\u00f6resinde; 1822 y\u0131l\u0131nda veba ve kolera, 1838 y\u0131l\u0131nda veba salg\u0131n\u0131 g\u00f6r\u00fclm\u00fc\u015ft\u00fcr. Y\u00fczba\u015f\u0131 r\u00fctbesinde, 1835-1839 y\u0131llar\u0131 aras\u0131nda Osmanl\u0131\u2019da e\u011fitmen ve tahkimat subay\u0131 olarak g\u00f6rev yapan Helmut von Moltke\u2019nin ailesine ve arkada\u015flar\u0131na yazd\u0131\u011f\u0131 ve daha sonra kitapla\u015ft\u0131r\u0131lan mektuplar\u0131nda (Moltke\u2019nin T\u00fcrkiye Mektuplar\u0131 &#8211; Remzi Kitabevi) 1838 y\u0131l\u0131nda Sivas\u2019ta veba salg\u0131n\u0131 oldu\u011funu yazar. Seydi \u00d6zcan\u2019\u0131n kaleme ald\u0131\u011f\u0131 \u201c\u015eEMAN-S\u00d6BE\u00c7\u0130MEN ve AZ\u0130Z BABA ALEV\u0130L\u0130\u011e\u0130\u201d kitab\u0131na g\u00f6re Hamo\u2019nun do\u011fum tarihi yakla\u015f\u0131k olarak 1800 d\u00fcr ve salg\u0131n s\u0131ras\u0131nda ad\u0131 ge\u00e7en kitapta 18-20 ya\u015flar\u0131nda oldu\u011fu ifade edilmektedir. Bu durumda Bal\u2019\u0131n \u00f6l\u00fcm\u00fcn\u00fcn 1822 y\u0131l\u0131ndaki salg\u0131nlardan olmas\u0131 \u00e7ok olas\u0131d\u0131r.<\/p>\n<p>Hamo babas\u0131n\u0131n Hakk\u2019a y\u00fcr\u00fcmesinden sonra \u00f6\u011f\u00fcd\u00fcn\u00fc dinleyerek bir iki ay da\u011fdaki ma\u011farada ya\u015far. Yiyece\u011fi t\u00fckenince k\u00f6y\u00fcne d\u00f6ner, bu s\u0131rada salg\u0131n da bitmi\u015ftir. K\u00f6y\u00fcne d\u00f6nen Hamo k\u0131sa bir s\u00fcre sonra evlenir ve Haydo ad\u0131n\u0131 verdi\u011fi bir o\u011flu olur. Elli-ellibe\u015f ya\u015flar\u0131nda e\u015fini kaybedince amcas\u0131n\u0131n torunu \u015eem\u00ea ile evlenir. Evlili\u011finden k\u0131sa bir s\u00fcre sonra birer iki\u015fer y\u0131l arayla d\u00f6rd\u00fc k\u0131z \u00fc\u00e7\u00fc erkek olmak \u00fczere tam yedi \u00e7ocuk sahibi olurlar.<\/p>\n<p>Basit bir husumet y\u00fcz\u00fcnden evi, otu ve ekinleri ayn\u0131 gece ate\u015fe verilir. Hamo art\u0131k ya\u015fl\u0131d\u0131r, m\u00fccadele edecek g\u00fcc\u00fc yoktur. K\u0131z\u0131 Gul\u00ea yeni evlenmi\u015ftir, kalan \u00e7ocuklar\u0131n\u0131n en b\u00fcy\u00fc\u011f\u00fc Seydi (Apseyd) hen\u00fcz on \u00fc\u00e7 ya\u015f\u0131ndad\u0131r. \u00c7aresizlik i\u00e7inde nesi var nesi yok satar ve tahmini 1870 y\u0131l\u0131nda G\u00f6ksun\u2019a g\u00f6\u00e7er, G\u00f6ksun ile And\u0131r\u0131n aras\u0131ndaki Meryem\u00e7il\u2019e yerle\u015fir.<\/p>\n<p style=\"text-align: left;\">O\u011flu Hasan ile birlikte k\u0131\u015f al\u0131\u015fveri\u015fi i\u00e7in gitti\u011fi And\u0131r\u0131n\u2019dan d\u00f6n\u00fc\u015fte tipiye yakalan\u0131r. Hamo o\u011flu Hasan\u2019\u0131 yard\u0131m \u00e7a\u011f\u0131rmas\u0131 i\u00e7in Meryem\u00e7il\u2019e g\u00f6nderir. Ancak S\u00fcnni olan kom\u015fular\u0131 yard\u0131ma gelmezler, Hamo kurtar\u0131lamaz. Hamo\u2019nun Hakka y\u00fcr\u00fcmesi \u00fczerine evin b\u00fcy\u00fck erkek \u00e7ocu\u011fu olan Seydi (Apseyd) a\u011fabeyi Haydo\u2019ya haber g\u00f6ndererek ondan yard\u0131m ister. Haydo gelir, \u00fcvey annesi \u015eem\u00ea\u2019yi ve karde\u015flerini alarak S\u00f6be\u00e7imen\u2019e g\u00f6t\u00fcr\u00fcr.&#8221;<\/p>\n<p>[\/vc_column_text][\/vc_column][\/vc_row]<\/p>\n<\/div>","protected":false},"excerpt":{"rendered":"<p>[vc_row equal_height=&#8221;yes&#8221; content_placement=&#8221;top&#8221; bg_type=&#8221;bg_color&#8221; bg_override=&#8221;full&#8221; bg_color_value=&#8221;#22e2dc&#8221;][vc_column css=&#8221;.vc_custom_1611486155497{background-color: #22e2dc !important;}&#8221; offset=&#8221;vc_col-lg-12&#8243;][vc_column_text] Hamo ve \u015eem\u00e9&#8217;nin \u00e7ocuklar\u0131n\u0131n sitesidir. Gin\u00ee a\u015firet mensubu ; Dersim\u2019den, Sivas Karabel b\u00f6lgesine, oradan Kayseri Sar\u0131z S\u00f6be\u00e7imen&#8217;e, oradan Kayseri P\u0131narba\u015f\u0131 Y. Borandere &#8211; K\u00fct\u00fckl\u00fc&#8217;ye, oradan da t\u00fcm d\u00fcnyaya da\u011f\u0131lm\u0131\u015flard\u0131r. Aile mensuplar\u0131m\u0131z \u00d6zcan, Aslan, Bulut soyadlar\u0131n\u0131 kullanmaktad\u0131r. [\/vc_column_text][\/vc_column][\/vc_row][vc_row equal_height=&#8221;yes&#8221;][vc_column css=&#8221;.vc_custom_1612043218101{background-position: 0 0 !important;background-repeat: no-repeat !important;}&#8221; offset=&#8221;vc_col-lg-12&#8243;][vc_raw_html]JTVCbWV0YXNsaWRlciUyMGlkJTNEJTIyMTY5MjElMjIlNUQ=[\/vc_raw_html][vc_media_grid&hellip;<\/p>\n","protected":false},"author":1,"featured_media":0,"parent":0,"menu_order":0,"comment_status":"closed","ping_status":"closed","template":"","meta":{"footnotes":""},"class_list":["post-834","page","type-page","status-publish","hentry","description-off"],"yoast_head":"<!-- This site is optimized with the Yoast SEO plugin v15.5 - https:\/\/yoast.com\/wordpress\/plugins\/seo\/ -->\n<title>Anasayfa - hamo-seme<\/title>\n<meta name=\"robots\" content=\"index, follow, max-snippet:-1, max-image-preview:large, max-video-preview:-1\" \/>\n<link rel=\"canonical\" href=\"https:\/\/hamo-seme.com\/\" \/>\n<meta property=\"og:locale\" content=\"tr_TR\" \/>\n<meta property=\"og:type\" content=\"article\" \/>\n<meta property=\"og:title\" content=\"Anasayfa - hamo-seme\" \/>\n<meta property=\"og:description\" content=\"[vc_row equal_height=&#8221;yes&#8221; content_placement=&#8221;top&#8221; bg_type=&#8221;bg_color&#8221; bg_override=&#8221;full&#8221; bg_color_value=&#8221;#22e2dc&#8221;][vc_column css=&#8221;.vc_custom_1611486155497{background-color: #22e2dc !important;}&#8221; offset=&#8221;vc_col-lg-12&#8243;][vc_column_text] Hamo ve \u015eem\u00e9&#8217;nin \u00e7ocuklar\u0131n\u0131n sitesidir. Gin\u00ee a\u015firet mensubu ; Dersim\u2019den, Sivas Karabel b\u00f6lgesine, oradan Kayseri Sar\u0131z S\u00f6be\u00e7imen&#8217;e, oradan Kayseri P\u0131narba\u015f\u0131 Y. Borandere &#8211; K\u00fct\u00fckl\u00fc&#8217;ye, oradan da t\u00fcm d\u00fcnyaya da\u011f\u0131lm\u0131\u015flard\u0131r. Aile mensuplar\u0131m\u0131z \u00d6zcan, Aslan, Bulut soyadlar\u0131n\u0131 kullanmaktad\u0131r. [\/vc_column_text][\/vc_column][\/vc_row][vc_row equal_height=&#8221;yes&#8221;][vc_column css=&#8221;.vc_custom_1612043218101{background-position: 0 0 !important;background-repeat: no-repeat !important;}&#8221; offset=&#8221;vc_col-lg-12&#8243;][vc_raw_html]JTVCbWV0YXNsaWRlciUyMGlkJTNEJTIyMTY5MjElMjIlNUQ=[\/vc_raw_html][vc_media_grid&hellip;\" \/>\n<meta property=\"og:url\" content=\"https:\/\/hamo-seme.com\/\" \/>\n<meta property=\"og:site_name\" content=\"hamo-seme\" \/>\n<meta property=\"article:modified_time\" content=\"2022-08-23T09:12:29+00:00\" \/>\n<meta name=\"twitter:card\" content=\"summary_large_image\" \/>\n<meta name=\"twitter:label1\" content=\"Tahmini okuma s\u00fcresi\">\n\t<meta name=\"twitter:data1\" content=\"3 dakika\">\n<script type=\"application\/ld+json\" class=\"yoast-schema-graph\">{\"@context\":\"https:\/\/schema.org\",\"@graph\":[{\"@type\":\"WebSite\",\"@id\":\"https:\/\/hamo-seme.com\/#website\",\"url\":\"https:\/\/hamo-seme.com\/\",\"name\":\"hamo-seme\",\"description\":\"G\\u00eeniyan a\\u015firet mensubu : Dersim\\u2019den Sivas\\u2019a oradan Kayseri-Sar\\u0131z-S\\u00f6ve\\u00e7men\\u2019e g\\u00f6\\u00e7 etmi\\u015f, oradan t\\u00fcm d\\u00fcnyaya da\\u011f\\u0131lm\\u0131\\u015f bir aile.\",\"potentialAction\":[{\"@type\":\"SearchAction\",\"target\":\"https:\/\/hamo-seme.com\/?s={search_term_string}\",\"query-input\":\"required name=search_term_string\"}],\"inLanguage\":\"tr\"},{\"@type\":\"WebPage\",\"@id\":\"https:\/\/hamo-seme.com\/#webpage\",\"url\":\"https:\/\/hamo-seme.com\/\",\"name\":\"Anasayfa - hamo-seme\",\"isPartOf\":{\"@id\":\"https:\/\/hamo-seme.com\/#website\"},\"datePublished\":\"2014-03-18T09:49:29+00:00\",\"dateModified\":\"2022-08-23T09:12:29+00:00\",\"inLanguage\":\"tr\",\"potentialAction\":[{\"@type\":\"ReadAction\",\"target\":[\"https:\/\/hamo-seme.com\/\"]}]}]}<\/script>\n<!-- \/ Yoast SEO plugin. -->","_links":{"self":[{"href":"https:\/\/hamo-seme.com\/index.php?rest_route=\/wp\/v2\/pages\/834","targetHints":{"allow":["GET"]}}],"collection":[{"href":"https:\/\/hamo-seme.com\/index.php?rest_route=\/wp\/v2\/pages"}],"about":[{"href":"https:\/\/hamo-seme.com\/index.php?rest_route=\/wp\/v2\/types\/page"}],"author":[{"embeddable":true,"href":"https:\/\/hamo-seme.com\/index.php?rest_route=\/wp\/v2\/users\/1"}],"replies":[{"embeddable":true,"href":"https:\/\/hamo-seme.com\/index.php?rest_route=%2Fwp%2Fv2%2Fcomments&post=834"}],"version-history":[{"count":181,"href":"https:\/\/hamo-seme.com\/index.php?rest_route=\/wp\/v2\/pages\/834\/revisions"}],"predecessor-version":[{"id":16958,"href":"https:\/\/hamo-seme.com\/index.php?rest_route=\/wp\/v2\/pages\/834\/revisions\/16958"}],"wp:attachment":[{"href":"https:\/\/hamo-seme.com\/index.php?rest_route=%2Fwp%2Fv2%2Fmedia&parent=834"}],"curies":[{"name":"wp","href":"https:\/\/api.w.org\/{rel}","templated":true}]}}